onvert -36 (base 9) to base 2.
-100001
Convert -843c (base 13) to base 9.
-27086
-22230 (base 4) to base 8
-1254
111000101110 (base 2) to base 8
7056
424302 (base 5) to base 11
a845
What is -212211 (base 3) in base 9?
-784
546 (base 11) to base 9
807
Convert -2232 (base 11) to base 3.
-11000212
Convert 11001000111100 (base 2) to base 10.
12860
Convert -1313323 (base 5) to base 8.
-62750
What is -7cd (base 14) in base 15?
-6d8
What is -310420 (base 5) in base 13?
-47a9
What is 105020 (base 6) in base 7?
34566
Convert -1121 (base 5) to base 12.
-115
-2292 (base 10) to base 14
-b9a
Convert 21033 (base 4) to base 12.
413
What is b55 (base 13) in base 16?
789
-1148 (base 11) to base 7
-4246
-4c6 (base 16) to base 11
-a11
Convert 2103 (base 11) to base 10.
2786
b44a (base 12) to base 2
100110010111010
What is -2f88 (base 16) in base 9?
-17620
Convert 4202 (base 7) to base 2.
10111000000
What is -12222122 (base 3) in base 7?
-15503
Convert -11011000110 (base 2) to base 14.
-8bc
Convert 1222021 (base 5) to base 3.
1012002011
-1232 (base 12) to base 7
-5663
Convert -10303 (base 5) to base 15.
-31d
What is -1111111011 (base 2) in base 9?
-1352
What is 5a (base 14) in base 5?
310
3221 (base 6) to base 16
2dd
-1e47 (base 15) to base 13
-3001
Convert 32211001 (base 4) to base 11.
40955
What is 1222 (base 4) in base 8?
152
-2525 (base 11) to base 14
-12b4
267 (base 16) to base 13
384
-530 (base 10) to base 15
-255
Convert 2367 (base 15) to base 7.
30634
What is -6725 (base 9) in base 5?
-124324
Convert -5125 (base 9) to base 4.
-322211
132554 (base 7) to base 4
12012110
Convert -1101100010110 (base 2) to base 4.
-1230112
-100011001000101 (base 2) to base 9
-26607
What is 351402 (base 6) in base 2?
111010111011010
What is 12130 (base 4) in base 9?
507
What is -1311 (base 6) in base 4?
-11023
Convert 617 (base 10) to base 14.
321
What is 16006 (base 12) in base 7?
156462
3262 (base 7) to base 14
5d9
What is -151 (base 13) in base 2?
-11101011
-449 (base 13) to base 3
-1000022
-799 (base 12) to base 9
-1480
What is 1335 (base 11) in base 8?
3304
-171 (base 13) to base 12
-199
Convert -269 (base 15) to base 12.
-399
What is -16604 (base 7) in base 13?
-221c
-c3 (base 15) to base 12
-133
Convert 3033231 (base 4) to base 7.
53520
Convert -743 (base 8) to base 4.
-13203
Convert 353 (base 15) to base 6.
3253
What is 5728 (base 9) in base 11?
3203
Convert -1002011 (base 3) to base 5.
-11122
1224 (base 13) to base 4
220011
What is -10000101111 (base 2) in base 5?
-13241
Convert -3514 (base 7) to base 12.
-8b1
-110321023 (base 4) to base 6
-1500111
154 (base 10) to base 4
2122
-10000 (base 4) to base 9
-314
Convert -301112 (base 4) to base 16.
-c56
What is 2281 (base 9) in base 14?
88d
Convert 158 (base 14) to base 6.
1134
103410 (base 6) to base 10
8574
What is -210211 (base 3) in base 16?
-24d
What is 500 (base 7) in base 2?
11110101
-834 (base 9) to base 13
-403
What is 2171 (base 9) in base 15?
71d
Convert -17242 (base 10) to base 6.
-211454
What is 214 (base 16) in base 10?
532
Convert -101000110 (base 3) to base 10.
-7302
What is 830 (base 11) in base 2?
1111101001
Convert 121012 (base 3) to base 8.
665
11111010011011 (base 2) to base 5
1003102
Convert 466 (base 9) to base 7.
1056
-101010100001 (base 2) to base 14
-dc5
What is 30013 (base 6) in base 14?
15c5
-1059 (base 12) to base 15
-7ec
-10210110 (base 4) to base 16
-4914
-675 (base 15) to base 5
-21320
Convert -4004 (base 6) to base 2.
-1101100100
Convert -2203 (base 6) to base 13.
-300
Convert -231 (base 6) to base 8.
-133
-110 (base 11) to base 10
-132
What is -70a (base 16) in base 12?
-1062
-40 (base 5) to base 9
-22
123 (base 6) to base 4
303
What is 134 (base 8) in base 14?
68
What is 23d (base 15) in base 9?
624
Convert -1473 (base 9) to base 8.
-2137
Convert 10211202 (base 3) to base 12.
1755
What is 534 (base 13) in base 11?
738
Convert 111110010 (base 2) to base 16.
1f2
Convert -5cae (base 16) to base 12.
-11892
Convert -1110011001010 (base 2) to base 14.
-2986
-c04 (base 16) to base 10
-3076
-330503 (base 7) to base 8
-161020
Convert -894 (base 11) to base 2.
-10000101111
Convert -21083 (base 10) to base 4.
-11021123
Convert -102011 (base 3) to base 8.
-455
-53034 (base 6) to base 14
-286a
Convert -31395 (base 10) to base 4.
-13222203
-1840 (base 16) to base 5
-144313
Convert -5792 (base 12) to base 4.
-2120132
Convert -87 (base 14) to base 10.
-119
What is 34516 (base 8) in base 15?
4530
Convert 1294 (base 15) to base 13.
1a5c
What is 331312 (base 4) in base 2?
111101110110
Convert 54169 (base 10) to base 16.
d399
-6473 (base 8) to base 15
-100c
682 (base 15) to base 8
2700
Convert 20012120 (base 3) to base 16.
11ac
Convert -2035 (base 8) to base 11.
-878
-10010111000011111 (base 2) to base 10
-77343
-6046 (base 9) to base 4
-1011000
What is -3221 (base 6) in base 5?
-10413
What is -49 (base 13) in base 16?
-3d
Convert -2110010 (base 4) to base 11.
-7135
-104 (base 13) to base 2
-10101101
-6aff (base 16) to base 11
-19641
What is 41 (base 9) in base 6?
101
Convert -330 (base 7) to base 10.
-168
Convert 245 (base 8) to base 9.
203
Convert 124042 (base 6) to base 11.
8505
Convert 100000101011101 (base 2) to base 11.
11632
-3224 (base 9) to base 11
-1866
What is 2301 (base 5) in base 4?
11012
Convert 524 (base 12) to base 3.
1000201
Convert -2431 (base 9) to base 14.
-934
What is -10670 (base 12) in base 3?
-1002202010
-6447 (base 10) to base 6
-45503
Convert 4759 (base 12) to base 3.
101221220
8fe7 (base 16) to base 12
1939b
What is 369 (base 16) in base 3?
1012100
Convert 272 (base 11) to base 7.
636
What is -2220 (base 6) in base 10?
-516
Convert -7789 (base 11) to base 7.
-41626
-2326 (base 8) to base 2
-10011010110
What is 11011101001101 (base 2) in base 3?
201102100
6a30 (base 11) to base 8
22015
Convert 22110320 (base 4) to base 10.
42296
What is 121102210 (base 3) in base 9?
17383
What is 491 (base 15) in base 3?
1102101
Convert 458 (base 9) to base 10.
377
What is 11021 (base 4) in base 13?
1c4
Convert bd9f (base 16) to base 14.
13995
Convert -7996 (base 12) to base 11.
-a169
Convert 893 (base 10) to base 8.
1575
Convert 1118 (base 15) to base 7.
13364
Convert -1010120212 (base 3) to base 2.
-101011100011010
-317 (base 10) to base 6
-1245
-351 (base 13) to base 8
-1075
Convert 4442 (base 16) to base 4.
10101002
-421 (base 5) to base 8
-157
-374 (base 9) to base 4
-10312
What is 650 (base 12) in base 5?
12144
5228 (base 11) to base 9
10446
d4 (base 14) to base 8
272
-943 (base 15) to base 16
-828
781a (base 13) to base 7
66563
Convert 14c9 (base 13) to base 2.
101111011110
-1112210 (base 3) to base 11
-936
What is -110 (base 2) in base 15?
-6
What is 6241 (base 11) in base 4?
2001101
-121012 (base 4) to base 14
-82a
What is -66556 (base 7) in base 12?
-983a
10101000 (base 2) to base 10
168
Convert -403324 (base 5) to base 8.
-31244
Convert -b29 (base 13) to base 11.
-1472
1417 (base 10) to base 9
1844
2b70 (base 12) to base 14
1c20
-3c (base 15) to base 14
-41
44361 (base 7) to base 16
2b9e
1026 (base 10) to base 16
402
-20214 (base 8) to base 7
-33202
What is -565 (base 8) in base 12?
-271
What is -1021 (base 9) in base 15?
-34d
Convert -221221010 (base 3) to base 14.
-6c63
What is -11111100101 (base 2) in base 9?
-2685
What is 1023100 (base 4) in base 8?
11320
Convert 2358 (base 9) to base 12.
1022
96a4 (base 14) to base 16
65a0
Convert 15401 (base 6) to base 12.
1561
Convert ab (base 12) to base 7.
245
What is 10001010110 (base 2) in base 15?
4e0
Convert 24140 (base 7) to base 5.
200001
2312330 (base 5) to base 6
520314
What is 64230 (base 7) in base 13?
730b
1000111000000100 (base 2) to base 16
8e04
1342 (base 7) to base 16
208
80b4 (base 14) to base 15
6840
-100001000100001 (base 2) to base 8
-41041
What is -110224 (base 5) in base 9?
-5207
What is 129 (base 16) in base 4?
10221
What is 105 (base 16) in base 3?
100200
What is -1434 (base 6) in base 16?
-17e
122513 (base 8) to base 4
22111023
What is -1221101 (base 3) in base 9?
-1841
What is 4b1 (base 12) in base 16?
2c5
What is 1333311 (base 4) in base 11?
6168
Convert -22630 (base 8) to base 10.
-9624
What is -17523 (base 9) in base 7?
-50151
Convert 3320 (base 7) to base 14.
610
What is -2962 (base 15) in base 6?
-105015
Convert